greatest common divisor of 7217 and 1701?
7
What is the greatest common factor of 1253 and 499589?
179
Calculate the highest common divisor of 5901 and 648.
3
Calculate the highest common factor of 295358 and 292.
146
What is the highest common divisor of 1134 and 4326?
42
Calculate the highest common divisor of 1357 and 345.
23
What is the greatest common factor of 104 and 7808?
8
What is the greatest common divisor of 66 and 6581157?
33
What is the greatest common factor of 95488 and 2560?
256
What is the highest common factor of 851649 and 408?
51
Calculate the greatest common divisor of 3499894 and 58.
58
What is the highest common divisor of 11312 and 2352?
112
What is the greatest common factor of 60564 and 8858?
206
What is the highest common divisor of 289 and 9707?
17
Calculate the highest common factor of 1008 and 29568.
336
What is the greatest common divisor of 847 and 16819?
121
What is the highest common divisor of 327 and 34553?
109
Calculate the highest common factor of 13 and 13695799.
13
What is the greatest common divisor of 15 and 522?
3
What is the greatest common factor of 2646 and 4266?
54
What is the greatest common divisor of 57629 and 10912?
341
What is the greatest common divisor of 73884 and 18?
6
Calculate the greatest common divisor of 1603 and 1512.
7
What is the greatest common divisor of 13452 and 12312?
228
What is the highest common factor of 25630 and 12320?
110
What is the highest common factor of 9639 and 268515?
1377
Calculate the highest common divisor of 9 and 13563.
9
Calculate the highest common divisor of 3008 and 6464.
64
Calculate the highest common divisor of 1012 and 20284.
44
Calculate the highest common factor of 78 and 3396.
6
Calculate the highest common factor of 134315 and 5.
5
What is the greatest common factor of 912 and 562172?
76
Calculate the highest common divisor of 9008 and 23083.
563
What is the highest common factor of 298 and 37846?
298
What is the highest common factor of 9424 and 9920?
496
What is the greatest common divisor of 199 and 1015099?
199
Calculate the greatest common divisor of 560530 and 5.
5
What is the highest common divisor of 217966 and 14?
14
What is the greatest common divisor of 4086 and 396?
18
Calculate the highest common factor of 65841 and 391.
17
What is the greatest common factor of 100610 and 20?
10
Calculate the highest common divisor of 57274 and 98.
14
What is the highest common divisor of 1392 and 27376?
464
What is the highest common factor of 397 and 214777?
397
Calculate the greatest common divisor of 146041 and 217.
217
What is the greatest common divisor of 850 and 75550?
50
Calculate the greatest common divisor of 4087 and 36112.
61
What is the greatest common factor of 2244 and 82620?
204
Calculate the highest common factor of 89097 and 2193.
51
What is the greatest common factor of 131836 and 828?
92
Calculate the greatest common factor of 656 and 59368.
328
Calculate the greatest common factor of 740 and 2500.
20
What is the greatest common factor of 25963 and 14?
7
Calculate the highest common factor of 259236 and 8.
4
Calculate the greatest common factor of 27820 and 2033.
107
What is the greatest common factor of 370 and 1860?
10
What is the highest common divisor of 893739 and 1484?
371
What is the highest common factor of 190 and 29545?
95
What is the greatest common factor of 5916 and 6641?
29
Calculate the highest common divisor of 31820 and 80.
20
What is the greatest common factor of 2583 and 5691?
21
What is the greatest common factor of 915 and 671?
61
What is the highest common factor of 402 and 314498?
134
Calculate the greatest common factor of 615 and 103525.
205
What is the highest common divisor of 345 and 171810?
345
What is the highest common factor of 875 and 22463?
7
Calculate the highest common divisor of 144 and 79440.
48
What is the greatest common factor of 35246 and 6?
2
What is the greatest common divisor of 1056 and 1?
1
What is the greatest common factor of 790 and 6730?
10
Calculate the highest common factor of 14484 and 1428.
204
What is the highest common divisor of 54 and 2595942?
54
What is the greatest common divisor of 33 and 6417?
3
Calculate the highest common divisor of 4141 and 25351.
101
What is the greatest common factor of 3567 and 201?
3
Calculate the highest common divisor of 72 and 151236.
36
What is the greatest common divisor of 1668245 and 1635?
545
Calculate the highest common factor of 192 and 1503672.
24
What is the greatest common divisor of 938 and 32?
2
Calculate the greatest common factor of 15 and 43020.
15
Calculate the greatest common divisor of 1742620 and 8900.
1780
What is the highest common factor of 290 and 150940?
10
Calculate the highest common factor of 193722 and 15438.
498
What is the highest common factor of 944584 and 142?
142
What is the highest common divisor of 25064 and 10036?
52
What is the highest common divisor of 782 and 50439?
391
What is the highest common divisor of 80 and 162160?
80
What is the highest common factor of 279 and 110232?
9
Calculate the greatest common divisor of 260 and 126590.
10
What is the highest common factor of 3486 and 78186?
498
What is the highest common divisor of 231 and 202125?
231
Calculate the greatest common factor of 17199 and 252.
63
Calculate the highest common divisor of 2000 and 28250.
250
What is the highest common factor of 2134728 and 54?
54
What is the greatest common divisor of 125 and 4616125?
125
What is the greatest common divisor of 1323 and 621?
27
Calculate the highest common factor of 2384 and 22226032.
2384
What is the greatest common divisor of 4452 and 227158?
106
What is the greatest common divisor of 732 and 14480424?
732
Calculate the highest common divisor of 67 and 4489.
67
Calculate the highest common divisor of 1755 and 410.
5
What is the highest common factor of 45627 and 201?
201
What is the greatest common divisor of 1638 and 4446?
234
Calculate the highest common factor of 5 and 705475.
5
What is the highest common factor of 147465 and 15?
15
What is the greatest common divisor of 1026 and 1526346?
342
What is the greatest common factor of 42413 and 7154?
511
What is the greatest common divisor of 5434 and 5590?
26
Calculate the highest common factor of 389008 and 820.
164
Calculate the highest common factor of 169 and 15951.
13
Calculate the highest common divisor of 5724 and 1836.
108
What is the greatest common factor of 3585 and 139098?
717
What is the greatest common divisor of 13026653 and 263?
263
Calculate the greatest common divisor of 2 and 61900.
2
Calculate the highest common factor of 4 and 13556.
4
What is the highest common factor of 3660 and 756?
12
Calculate the greatest common factor of 28466 and 86.
86
What is the greatest common divisor of 663 and 33592?
221
Calculate the highest common divisor of 6534580 and 156.
52
What is the greatest common factor of 3304128 and 576?
192
Calculate the highest common divisor of 1701 and 588.
21
Calculate the highest common factor of 104927 and 2648.
331
What is the greatest common factor of 223489 and 49?
49
Calculate the greatest common factor of 10440 and 356760.
360
What is the highest common divisor of 469 and 12261?
67
What is the highest common divisor of 1823925 and 2637?
879
What is the highest common factor of 1124 and 112?
4
Calculate the highest common divisor of 11618 and 814.
74
What is the greatest common divisor of 9 and 47304?
9
Calculate the highest common divisor of 108 and 158724.
36
What is the highest common divisor of 40 and 6605?
5
Calculate the highest common factor of 59025 and 13800.
75
Calculate the greatest common factor of 170565 and 360.
15
Calculate the highest common divisor of 2464 and 23793.
77
What is the highest common divisor of 62100 and 58788?
828
Calculate the greatest common factor of 45 and 6655.
5
Calculate the greatest common divisor of 2740 and 138644.
548
What is the highest common divisor of 24 and 21688?
8
What is the greatest common factor of 110224 and 90304?
1328
Calculate the highest common divisor of 240036 and 8917.
241
What is the highest common divisor of 2373 and 49?
7
What is the greatest common divisor of 1887720 and 105?
15
What is the greatest common divisor of 31226 and 2?
2
W